{"id":920,"date":"2018-08-16T10:18:47","date_gmt":"2018-08-16T09:18:47","guid":{"rendered":"https:\/\/2018.wuerzburg.wordcamp.org\/?page_id=920"},"modified":"2018-09-17T17:02:30","modified_gmt":"2018-09-17T16:02:30","slug":"ablauf","status":"publish","type":"page","link":"https:\/\/wuerzburg.wordcamp.org\/2018\/info\/ablauf\/","title":{"rendered":"Ablauf"},"content":{"rendered":"<p><strong>Da wir keine Speakerauswahl machen, aber dennoch immer wieder die Frage auftaucht, nach dem was, wann, wo, wie hier ein kurzer Ablaufplan des WordCamp W\u00fcrzburg:<\/strong><\/p>\n<h2>Donnerstag<\/h2>\n<p>Inoffiziell &#8211; d.h. der Tag geh\u00f6rt nicht zum Programm des WordCamp dazu, ist aber thematisch sehr nahe dran &#8211; gibt es bereits am Donnerstag 20.9. die M\u00f6glichkeit am <a href=\"https:\/\/works.pluginkollektiv.org\">Hackathon des Pluginkollektivs<\/a> teilzunehmen. Es gibt eine separate Anmeldem\u00f6glichkeit daf\u00fcr auf der verlinkten Seite.<\/p>\n<h2>Freitag<\/h2>\n<p>Wir starten offiziell am Freitag, 21.9. mit dem <a href=\"https:\/\/2018.wuerzburg.wordcamp.org\/info\/contributor-day\/\">Contributor Day<\/a>. Ab 9:00 Uhr erwarten wir unsere angemeldeten Teilnehmer, ab sp\u00e4testens 10:00 Uhr sollten dann die verschiedenen Arbeitsgruppen zusammen gefunden haben, so dass wir in den Tag starten k\u00f6nnen. Die Mittagspause werden wir m\u00f6glichst flexibel zwischen 12:00 Uhr und 14:00 Uhr legen. Nicht jede Gruppe hat ihrer Arbeit das gleiche Tempo oder manchmal ist es geschickter schnell noch etwas zu Ende zu bringen, anstatt fix in eine Pause zu gehen und hinterher die Arbeit f\u00fcr kleine Rest-Tasks wieder aufnehmen zu m\u00fcssen. Ebenso werden wir das Ende der Veranstaltung handhaben, wenn gleich wir ab 18:00 Uhr den Contributor Day offiziell beenden werden.<\/p>\n<p>Am Freitag Abend ab 19:30 Uhr steigt dann auch die <a href=\"https:\/\/2018.wuerzburg.wordcamp.org\/party\/\">Party im Club L<\/a><\/p>\n<h2>Samstag<\/h2>\n<p>Das eigentliche WordCamp startet am Samstag, 22.9. ebenfalls ab 9:00 Uhr. Ab 10:00 Uhr starten wir nach einer kurzen Begr\u00fc\u00dfung mit der f\u00fcr ein BarCamp obligatorischen Vorstellungsrunde dem Pitch f\u00fcr Vortr\u00e4ge. Ab 11:00 Uhr finden dann im Stundenrhythmus die Vortr\u00e4ge statt. Nach den beiden ersten Vortr\u00e4gen legen wir 13:00 Uhr eine Mittagspause ein; von 14:00 Uhr bis 18:00 Uhr erwarten Euch dann weitere Vortr\u00e4ge. Die Closing Remarks um 18:00 Uhr beenden das WordCamp dann offiziell.<\/p>\n<h2>Sonntag<\/h2>\n<p>F\u00fcr alle, die l\u00e4nger bleiben k\u00f6nnen und wollen, h\u00e4tten wir da noch die M\u00f6glichkeit eines &#8222;<a href=\"https:\/\/2018.wuerzburg.wordcamp.org\/call-for-fruehstueck\/\">WordBrunch<\/a>&#8222;. Ebenso wie der Donnerstag im eigentlichen Sinne nicht Bestandteil des WordCamps.<\/p>\n","protected":false},"excerpt":{"rendered":"<p>Da wir keine Speakerauswahl machen, aber dennoch immer wieder die Frage auftaucht, nach dem was, wann, wo, wie hier ein kurzer Ablaufplan des WordCamp W\u00fcrzburg: Donnerstag Inoffiziell &#8211; d.h. der Tag geh\u00f6rt nicht zum Programm des WordCamp dazu, ist aber thematisch sehr nahe dran &#8211; gibt es bereits am Donnerstag 20.9. die M\u00f6glichkeit am Hackathon [&hellip;]<\/p>\n","protected":false},"author":8858106,"featured_media":0,"parent":134,"menu_order":0,"comment_status":"closed","ping_status":"closed","template":"","meta":{"jetpack_post_was_ever_published":false,"footnotes":""},"class_list":["post-920","page","type-page","status-publish","hentry"],"jetpack_sharing_enabled":true,"jetpack_shortlink":"https:\/\/wp.me\/P9nRwW-eQ","_links":{"self":[{"href":"https:\/\/wuerzburg.wordcamp.org\/2018\/wp-json\/wp\/v2\/pages\/920","targetHints":{"allow":["GET"]}}],"collection":[{"href":"https:\/\/wuerzburg.wordcamp.org\/2018\/wp-json\/wp\/v2\/pages"}],"about":[{"href":"https:\/\/wuerzburg.wordcamp.org\/2018\/wp-json\/wp\/v2\/types\/page"}],"author":[{"embeddable":true,"href":"https:\/\/wuerzburg.wordcamp.org\/2018\/wp-json\/wp\/v2\/users\/8858106"}],"replies":[{"embeddable":true,"href":"https:\/\/wuerzburg.wordcamp.org\/2018\/wp-json\/wp\/v2\/comments?post=920"}],"version-history":[{"count":6,"href":"https:\/\/wuerzburg.wordcamp.org\/2018\/wp-json\/wp\/v2\/pages\/920\/revisions"}],"predecessor-version":[{"id":1261,"href":"https:\/\/wuerzburg.wordcamp.org\/2018\/wp-json\/wp\/v2\/pages\/920\/revisions\/1261"}],"up":[{"embeddable":true,"href":"https:\/\/wuerzburg.wordcamp.org\/2018\/wp-json\/wp\/v2\/pages\/134"}],"wp:attachment":[{"href":"https:\/\/wuerzburg.wordcamp.org\/2018\/wp-json\/wp\/v2\/media?parent=920"}],"curies":[{"name":"wp","href":"https:\/\/api.w.org\/{rel}","templated":true}]}}